{"id":158,"date":"2022-12-11T00:19:15","date_gmt":"2022-12-11T00:19:15","guid":{"rendered":"http:\/\/metamorfoza.org\/?page_id=158"},"modified":"2023-12-02T12:20:39","modified_gmt":"2023-12-02T12:20:39","slug":"zadzwon","status":"publish","type":"page","link":"http:\/\/metamorfoza.org\/index.php\/zadzwon\/","title":{"rendered":"ZADZWO\u0143"},"content":{"rendered":"\n<p class=\"has-text-align-center\">Je\u015bli chcesz aby dobra\u0107 Tobie indywidualne, optymalne \u0107wiczenia a tak\u017ce indywidualn\u0105 diet\u0119 pod budow\u0119 nowego cia\u0142a &#8211; zadzwo\u0144 ju\u017c teraz:<br><strong><mark style=\"background-color:rgba(0, 0, 0, 0)\" class=\"has-inline-color has-main-color\"><\/mark><\/strong><\/p>\n\n\n\n<div class=\"wp-block-buttons is-content-justification-center is-layout-flex wp-container-core-buttons-is-layout-16018d1d wp-block-buttons-is-layout-flex\">\n<div class=\"wp-block-button has-custom-font-size is-style-fill has-large-font-size\"><a class=\"wp-block-button__link has-dark-muted-color has-main-background-color has-text-color has-background wp-element-button\" href=\"tel:+48792684323\" style=\"border-radius:6px\"><strong><mark>792 684 323<\/mark><\/strong><\/a><\/div>\n<\/div>\n\n\n\n<p><\/p>\n\n\n\n<p class=\"has-text-align-center has-large-font-size\"><mark style=\"background-color:rgba(0, 0, 0, 0)\" class=\"has-inline-color has-main-color\">Pierwszy trening pr\u00f3bny, po\u0142\u0105czony z analiz\u0105 sk\u0142adu cia\u0142a  &#8211; ZA DARMO !<\/mark><\/p>\n\n\n\n<p class=\"has-text-align-center\">Jako Certyfikowany Trener Personalny i Dietetyk, zapraszam do kameralnego studia treningowego na:<\/p>\n\n\n\n<div class=\"wp-block-columns is-layout-flex wp-container-core-columns-is-layout-9d6595d7 wp-block-columns-is-layout-flex\">\n<div class=\"wp-block-column is-layout-flow wp-block-column-is-layout-flow\" style=\"flex-basis:25%\"><\/div>\n\n\n\n<div class=\"wp-block-column is-layout-flow wp-block-column-is-layout-flow\" style=\"flex-basis:50%\">\n<ul class=\"wp-block-list\">\n<li>Treningi odchudzaj\u0105ce i modeluj\u0105ce sylwetk\u0119.<\/li>\n\n\n\n<li>Personalne treningi dla kobiet i m\u0119\u017cczyzn, w tym r\u00f3wnie\u017c po 50 roku \u017cycia.<\/li>\n\n\n\n<li>Indywidualne plany \u017cywieniowe. Zdrowe diety, bez efektu jo-jo. Szybko i skutecznie.<\/li>\n\n\n\n<li>Nowatorskie metody kszta\u0142towania sylwetki i plany treningowe.<\/li>\n\n\n\n<li>Doradztwo z zakresu anti-aging.wyrzecze\u0144, daje znacznie wi\u0119cej korzy\u015bci ni\u017c my\u015blisz<\/li>\n<\/ul>\n<\/div>\n\n\n\n<div class=\"wp-block-column is-layout-flow wp-block-column-is-layout-flow\" style=\"flex-basis:25%\"><\/div>\n<\/div>\n\n\n\n<p class=\"has-text-align-center\"><\/p>\n","protected":false},"excerpt":{"rendered":"<p>Je\u015bli chcesz aby dobra\u0107 Tobie indywidualne, optymalne \u0107wiczenia a tak\u017ce indywidualn\u0105 diet\u0119 pod budow\u0119 nowego cia\u0142a &#8211; zadzwo\u0144 ju\u017c teraz:<span class=\"more-dots\">&#8230;<\/span><\/p>\n","protected":false},"author":1,"featured_media":0,"parent":0,"menu_order":0,"comment_status":"closed","ping_status":"closed","template":"","meta":{"footnotes":""},"class_list":["post-158","page","type-page","status-publish","hentry","no-post-thumbnail"],"yoast_head":"<!-- This site is optimized with the Yoast SEO plugin v21.7 - https:\/\/yoast.com\/wordpress\/plugins\/seo\/ -->\n<title>ZADZWO\u0143 - METAMORFOZA Bartosz Sk&oacute;rczy\u0144ski<\/title>\n<meta name=\"robots\" content=\"index, follow, max-snippet:-1, max-image-preview:large, max-video-preview:-1\" \/>\n<link rel=\"canonical\" href=\"http:\/\/metamorfoza.org\/index.php\/zadzwon\/\" \/>\n<meta property=\"og:locale\" content=\"pl_PL\" \/>\n<meta property=\"og:type\" content=\"article\" \/>\n<meta property=\"og:title\" content=\"ZADZWO\u0143 - METAMORFOZA Bartosz Sk&oacute;rczy\u0144ski\" \/>\n<meta property=\"og:description\" content=\"Je\u015bli chcesz aby dobra\u0107 Tobie indywidualne, optymalne \u0107wiczenia a tak\u017ce indywidualn\u0105 diet\u0119 pod budow\u0119 nowego cia\u0142a &#8211; zadzwo\u0144 ju\u017c teraz:...\" \/>\n<meta property=\"og:url\" content=\"http:\/\/metamorfoza.org\/index.php\/zadzwon\/\" \/>\n<meta property=\"og:site_name\" content=\"METAMORFOZA Bartosz Sk&oacute;rczy\u0144ski\" \/>\n<meta property=\"article:publisher\" content=\"https:\/\/www.facebook.com\/B.S.Metamorfoza\/\" \/>\n<meta property=\"article:modified_time\" content=\"2023-12-02T12:20:39+00:00\" \/>\n<meta name=\"twitter:card\" content=\"summary_large_image\" \/>\n<meta name=\"twitter:label1\" content=\"Szacowany czas czytania\" \/>\n\t<meta name=\"twitter:data1\" content=\"1 minuta\" \/>\n<script type=\"application\/ld+json\" class=\"yoast-schema-graph\">{\"@context\":\"https:\/\/schema.org\",\"@graph\":[{\"@type\":\"WebPage\",\"@id\":\"http:\/\/metamorfoza.org\/index.php\/zadzwon\/\",\"url\":\"http:\/\/metamorfoza.org\/index.php\/zadzwon\/\",\"name\":\"ZADZWO\u0143 - METAMORFOZA Bartosz Sk&oacute;rczy\u0144ski\",\"isPartOf\":{\"@id\":\"http:\/\/metamorfoza.org\/#website\"},\"datePublished\":\"2022-12-11T00:19:15+00:00\",\"dateModified\":\"2023-12-02T12:20:39+00:00\",\"breadcrumb\":{\"@id\":\"http:\/\/metamorfoza.org\/index.php\/zadzwon\/#breadcrumb\"},\"inLanguage\":\"pl-PL\",\"potentialAction\":[{\"@type\":\"ReadAction\",\"target\":[\"http:\/\/metamorfoza.org\/index.php\/zadzwon\/\"]}]},{\"@type\":\"BreadcrumbList\",\"@id\":\"http:\/\/metamorfoza.org\/index.php\/zadzwon\/#breadcrumb\",\"itemListElement\":[{\"@type\":\"ListItem\",\"position\":1,\"name\":\"Strona g\u0142\u00f3wna\",\"item\":\"http:\/\/metamorfoza.org\/\"},{\"@type\":\"ListItem\",\"position\":2,\"name\":\"ZADZWO\u0143\"}]},{\"@type\":\"WebSite\",\"@id\":\"http:\/\/metamorfoza.org\/#website\",\"url\":\"http:\/\/metamorfoza.org\/\",\"name\":\"METAMORFOZA Bartosz Sk&oacute;rczy\u0144ski\",\"description\":\"Czas na odnowienie Twojego cia\u0142a i zdrowia\",\"publisher\":{\"@id\":\"http:\/\/metamorfoza.org\/#organization\"},\"potentialAction\":[{\"@type\":\"SearchAction\",\"target\":{\"@type\":\"EntryPoint\",\"urlTemplate\":\"http:\/\/metamorfoza.org\/?s={search_term_string}\"},\"query-input\":\"required name=search_term_string\"}],\"inLanguage\":\"pl-PL\"},{\"@type\":\"Organization\",\"@id\":\"http:\/\/metamorfoza.org\/#organization\",\"name\":\"METAMORFOZA Bartosz Sk&oacute;rczy\u0144ski\",\"url\":\"http:\/\/metamorfoza.org\/\",\"logo\":{\"@type\":\"ImageObject\",\"inLanguage\":\"pl-PL\",\"@id\":\"http:\/\/metamorfoza.org\/#\/schema\/logo\/image\/\",\"url\":\"http:\/\/metamorfoza.org\/wp-content\/uploads\/2022\/12\/cropped-logo_P-na-ciemnym-tle.png\",\"contentUrl\":\"http:\/\/metamorfoza.org\/wp-content\/uploads\/2022\/12\/cropped-logo_P-na-ciemnym-tle.png\",\"width\":1230,\"height\":1057,\"caption\":\"METAMORFOZA Bartosz Sk&oacute;rczy\u0144ski\"},\"image\":{\"@id\":\"http:\/\/metamorfoza.org\/#\/schema\/logo\/image\/\"},\"sameAs\":[\"https:\/\/www.facebook.com\/B.S.Metamorfoza\/\"]}]}<\/script>\n<!-- \/ Yoast SEO plugin. -->","yoast_head_json":{"title":"ZADZWO\u0143 - METAMORFOZA Bartosz Sk&oacute;rczy\u0144ski","robots":{"index":"index","follow":"follow","max-snippet":"max-snippet:-1","max-image-preview":"max-image-preview:large","max-video-preview":"max-video-preview:-1"},"canonical":"http:\/\/metamorfoza.org\/index.php\/zadzwon\/","og_locale":"pl_PL","og_type":"article","og_title":"ZADZWO\u0143 - METAMORFOZA Bartosz Sk&oacute;rczy\u0144ski","og_description":"Je\u015bli chcesz aby dobra\u0107 Tobie indywidualne, optymalne \u0107wiczenia a tak\u017ce indywidualn\u0105 diet\u0119 pod budow\u0119 nowego cia\u0142a &#8211; zadzwo\u0144 ju\u017c teraz:...","og_url":"http:\/\/metamorfoza.org\/index.php\/zadzwon\/","og_site_name":"METAMORFOZA Bartosz Sk&oacute;rczy\u0144ski","article_publisher":"https:\/\/www.facebook.com\/B.S.Metamorfoza\/","article_modified_time":"2023-12-02T12:20:39+00:00","twitter_card":"summary_large_image","twitter_misc":{"Szacowany czas czytania":"1 minuta"},"schema":{"@context":"https:\/\/schema.org","@graph":[{"@type":"WebPage","@id":"http:\/\/metamorfoza.org\/index.php\/zadzwon\/","url":"http:\/\/metamorfoza.org\/index.php\/zadzwon\/","name":"ZADZWO\u0143 - METAMORFOZA Bartosz Sk&oacute;rczy\u0144ski","isPartOf":{"@id":"http:\/\/metamorfoza.org\/#website"},"datePublished":"2022-12-11T00:19:15+00:00","dateModified":"2023-12-02T12:20:39+00:00","breadcrumb":{"@id":"http:\/\/metamorfoza.org\/index.php\/zadzwon\/#breadcrumb"},"inLanguage":"pl-PL","potentialAction":[{"@type":"ReadAction","target":["http:\/\/metamorfoza.org\/index.php\/zadzwon\/"]}]},{"@type":"BreadcrumbList","@id":"http:\/\/metamorfoza.org\/index.php\/zadzwon\/#breadcrumb","itemListElement":[{"@type":"ListItem","position":1,"name":"Strona g\u0142\u00f3wna","item":"http:\/\/metamorfoza.org\/"},{"@type":"ListItem","position":2,"name":"ZADZWO\u0143"}]},{"@type":"WebSite","@id":"http:\/\/metamorfoza.org\/#website","url":"http:\/\/metamorfoza.org\/","name":"METAMORFOZA Bartosz Sk&oacute;rczy\u0144ski","description":"Czas na odnowienie Twojego cia\u0142a i zdrowia","publisher":{"@id":"http:\/\/metamorfoza.org\/#organization"},"potentialAction":[{"@type":"SearchAction","target":{"@type":"EntryPoint","urlTemplate":"http:\/\/metamorfoza.org\/?s={search_term_string}"},"query-input":"required name=search_term_string"}],"inLanguage":"pl-PL"},{"@type":"Organization","@id":"http:\/\/metamorfoza.org\/#organization","name":"METAMORFOZA Bartosz Sk&oacute;rczy\u0144ski","url":"http:\/\/metamorfoza.org\/","logo":{"@type":"ImageObject","inLanguage":"pl-PL","@id":"http:\/\/metamorfoza.org\/#\/schema\/logo\/image\/","url":"http:\/\/metamorfoza.org\/wp-content\/uploads\/2022\/12\/cropped-logo_P-na-ciemnym-tle.png","contentUrl":"http:\/\/metamorfoza.org\/wp-content\/uploads\/2022\/12\/cropped-logo_P-na-ciemnym-tle.png","width":1230,"height":1057,"caption":"METAMORFOZA Bartosz Sk&oacute;rczy\u0144ski"},"image":{"@id":"http:\/\/metamorfoza.org\/#\/schema\/logo\/image\/"},"sameAs":["https:\/\/www.facebook.com\/B.S.Metamorfoza\/"]}]}},"_links":{"self":[{"href":"http:\/\/metamorfoza.org\/index.php\/wp-json\/wp\/v2\/pages\/158","targetHints":{"allow":["GET"]}}],"collection":[{"href":"http:\/\/metamorfoza.org\/index.php\/wp-json\/wp\/v2\/pages"}],"about":[{"href":"http:\/\/metamorfoza.org\/index.php\/wp-json\/wp\/v2\/types\/page"}],"author":[{"embeddable":true,"href":"http:\/\/metamorfoza.org\/index.php\/wp-json\/wp\/v2\/users\/1"}],"replies":[{"embeddable":true,"href":"http:\/\/metamorfoza.org\/index.php\/wp-json\/wp\/v2\/comments?post=158"}],"version-history":[{"count":8,"href":"http:\/\/metamorfoza.org\/index.php\/wp-json\/wp\/v2\/pages\/158\/revisions"}],"predecessor-version":[{"id":370,"href":"http:\/\/metamorfoza.org\/index.php\/wp-json\/wp\/v2\/pages\/158\/revisions\/370"}],"wp:attachment":[{"href":"http:\/\/metamorfoza.org\/index.php\/wp-json\/wp\/v2\/media?parent=158"}],"curies":[{"name":"wp","href":"https:\/\/api.w.org\/{rel}","templated":true}]}}